t are the prime factors of 548352?
2, 3, 7, 17
What are the prime factors of 2551477?
307, 8311
List the prime factors of 1273433.
7, 181919
What are the prime factors of 1059203?
67, 15809
List the prime factors of 6763219.
23, 294053
List the prime factors of 1961143.
883, 2221
What are the prime factors of 13281182?
2, 17, 73, 5351
List the prime factors of 24728191.
167, 148073
List the prime factors of 196304.
2, 12269
What are the prime factors of 93276?
2, 3, 2591
List the prime factors of 95138.
2, 47569
What are the prime factors of 4024089?
3, 83, 5387
What are the prime factors of 5365640?
2, 5, 7, 19163
What are the prime factors of 185619?
3, 7, 8839
What are the prime factors of 11512241?
13, 443, 1999
List the prime factors of 79338.
2, 3, 7, 1889
List the prime factors of 201309.
3, 67103
What are the prime factors of 1268205?
3, 5, 59, 1433
What are the prime factors of 2916144?
2, 3, 7, 11, 263
What are the prime factors of 1118164?
2, 279541
What are the prime factors of 612866?
2, 181, 1693
List the prime factors of 10497.
3, 3499
List the prime factors of 227039.
89, 2551
List the prime factors of 5295756.
2, 3, 19, 23227
What are the prime factors of 1130481?
3, 11, 19, 601
What are the prime factors of 291213?
3, 13, 19, 131
List the prime factors of 3792128.
2, 14813
List the prime factors of 22304.
2, 17, 41
List the prime factors of 24660840.
2, 3, 5, 205507
List the prime factors of 302385.
3, 5, 19, 1061
What are the prime factors of 475462?
2, 13, 18287
List the prime factors of 72949.
72949
What are the prime factors of 256085?
5, 51217
What are the prime factors of 983867?
37, 26591
What are the prime factors of 98039?
17, 73, 79
List the prime factors of 7302039.
3, 2434013
What are the prime factors of 2333106?
2, 3, 227, 571
What are the prime factors of 5755060?
2, 5, 23, 12511
What are the prime factors of 22927134?
2, 3, 823, 4643
What are the prime factors of 4043457?
3, 11, 47, 79
What are the prime factors of 11504770?
2, 5, 79, 14563
List the prime factors of 254276.
2, 11, 5779
List the prime factors of 32012451.
3, 3556939
List the prime factors of 6798528.
2, 3, 11, 29, 37
What are the prime factors of 455405?
5, 91081
List the prime factors of 1689426.
2, 3, 17, 5521
What are the prime factors of 4615879?
19, 83, 2927
List the prime factors of 327701.
11, 31
What are the prime factors of 708327?
3, 211, 373
List the prime factors of 1883759.
1883759
What are the prime factors of 1830106?
2, 915053
List the prime factors of 449530.
2, 5, 44953
List the prime factors of 8995385.
5, 7, 43, 139
What are the prime factors of 5884601?
17, 59, 5867
What are the prime factors of 20794510?
2, 5, 11, 189041
What are the prime factors of 1706909?
97, 17597
What are the prime factors of 208048?
2, 13003
What are the prime factors of 191622?
2, 3, 109, 293
What are the prime factors of 178525?
5, 37, 193
List the prime factors of 1018680.
2, 3, 5, 13, 653
List the prime factors of 233372.
2, 41, 1423
List the prime factors of 518810.
2, 5, 29, 1789
What are the prime factors of 128965?
5, 25793
List the prime factors of 1600931.
283, 5657
List the prime factors of 25972390.
2, 5, 59, 44021
List the prime factors of 732333.
3, 7, 43, 811
List the prime factors of 2884778.
2, 13, 181, 613
List the prime factors of 64579.
64579
What are the prime factors of 5306519?
53, 59, 1697
What are the prime factors of 2675479?
2675479
What are the prime factors of 204554?
2, 7, 19, 769
List the prime factors of 31052884.
2, 7763221
What are the prime factors of 7999340?
2, 5, 73, 5479
List the prime factors of 141468.
2, 3, 11789
What are the prime factors of 661555?
5, 17, 43, 181
What are the prime factors of 1085060?
2, 5, 227, 239
What are the prime factors of 11596154?
2, 43, 134839
List the prime factors of 11977054.
2, 67, 89381
List the prime factors of 74871.
3, 47, 59
List the prime factors of 6422849.
6422849
List the prime factors of 6579093.
3, 2193031
List the prime factors of 2281946.
2, 1140973
List the prime factors of 2392834.
2, 311, 3847
List the prime factors of 4771715.
5, 13, 5647
List the prime factors of 358998.
2, 3, 59833
What are the prime factors of 1092339?
3, 23, 1759
List the prime factors of 3157841.
263, 12007
What are the prime factors of 1653991?
223, 7417
List the prime factors of 229614.
2, 3, 7, 11, 71
What are the prime factors of 1925516?
2, 481379
What are the prime factors of 4019165?
5, 19, 42307
What are the prime factors of 288329?
373, 773
List the prime factors of 125756.
2, 149, 211
What are the prime factors of 328414?
2, 31, 5297
List the prime factors of 650397.
3, 11, 19709
List the prime factors of 21872197.
277, 281
List the prime factors of 476939.
241, 1979
List the prime factors of 25155820.
2, 5, 67, 18773
What are the prime factors of 2546506?
2, 61, 20873
What are the prime factors of 1034622?
2, 3, 229, 251
List the prime factors of 9692621.
9692621
List the prime factors of 1312319.
1312319
List the prime factors of 1707665.
5, 29, 11777
List the prime factors of 5393919.
3, 41, 43853
What are the prime factors of 5381282?
2, 17, 163, 971
What are the prime factors of 86925?
3, 5, 19, 61
List the prime factors of 4869217.
1217, 4001
What are the prime factors of 4482739?
4482739
What are the prime factors of 17396877?
3, 5798959
List the prime factors of 579479.
17, 89, 383
List the prime factors of 4897225.
5, 31, 71, 89
What are the prime factors of 429504?
2, 3, 2237
What are the prime factors of 34984137?
3, 11661379
What are the prime factors of 347619?
3, 115873
What are the prime factors of 4648346?
2, 23, 101051
What are the prime factors of 52425?
3, 5, 233
List the prime factors of 8007706.
2, 7, 67, 8537
List the prime factors of 202902.
2, 3, 7, 4831
What are the prime factors of 8967202?
2, 19, 235979
List the prime factors of 952318.
2, 19, 1319
What are the prime factors of 6418673?
17, 41, 9209
What are the prime factors of 871179?
3, 290393
What are the prime factors of 1485530?
2, 5, 149, 997
What are the prime factors of 3932414?
2, 1966207
List the prime factors of 21082636.
2, 113, 46643
List the prime factors of 54146.
2, 27073
List the prime factors of 769882.
2, 384941
What are the prime factors of 476567?
7, 13, 5237
What are the prime factors of 372165?
3, 5, 43, 577
What are the prime factors of 11340370?
2, 5, 1134037
List the prime factors of 958527.
3, 131, 271
What are the prime factors of 8363098?
2, 41, 79, 1291
What are the prime factors of 5051890?
2, 5, 17, 29717
List the prime factors of 174099.
3, 131, 443
List the prime factors of 53796.
2, 3, 4483
What are the prime factors of 1983978?
2, 3, 110221
What are the prime factors of 4637291?
269, 17239
What are the prime factors of 9412430?
2, 5, 37, 25439
What are the prime factors of 769025?
5, 19, 1619
What are the prime factors of 121518?
2, 3, 43, 157
List the prime factors of 803340.
2, 3, 5, 4463
List the prime factors of 1108173.
3, 11, 33581
List the prime factors of 10735089.
3, 23, 155581
What are the prime factors of 1565241?
3, 17, 47, 653
What are the prime factors of 598456?
2, 239, 313
What are the prime factors of 61533?
3, 43, 53
What are the prime factors of 801629?
19, 31, 1361
What are the prime factors of 35549693?
35549693
List the prime factors of 3674668.
2, 167, 5501
List the prime factors of 21472.
2, 11, 61
What are the prime factors of 14241727?
1493, 9539
What are the prime factors of 1317503?
11, 119773
List the prime factors of 5573455.
5, 251, 4441
What are the prime factors of 533501?
19, 43, 653
What are the prime factors of 1366997?
1366997
What are the prime factors of 1312976?
2, 7, 19, 617
List the prime factors of 2463667.
2463667
List the prime factors of 10271334.
2, 3, 1711889
What are the prime factors of 2519301?
3, 839767
List the prime factors of 34302.
2, 3, 5717
What are the prime factors of 307310?
2, 5, 79, 389
List the prime factors of 40126.
2, 20063
What are the prime factors of 181630?
2, 5, 41, 443
List the prime factors of 2112866.
2, 7, 150919
What are the prime factors of 2084305?
5, 139, 2999
What are the prime factors of 2599554?
2, 3, 433259
List the prime factors of 160604.
2, 40151
List the prime factors of 221